, 0 = 3*u - 4*x + 2. Let g = u - -14. Calculate the highest common divisor of g and 8.
8
Let c = -22 - -39. Calculate the greatest common divisor of 17 and c.
17
Suppose -2*d + 45 + 31 = 0. Let p be (-1)/(-4) + d/8. Suppose l + 4*z - 156 = -0*z, 2*l = -p*z + 297. Calculate the greatest common factor of l and 17.
17
Suppose -48 + 20 = -2*c. Calculate the highest common divisor of c and 7.
7
Let p be ((-1)/(-2))/(8/512). Suppose 0 = -2*b + 3*i + 32, -3*b + 0*i + 3*i + 42 = 0. Let q = p + b. What is the greatest common factor of q and 105?
21
Suppose 3*s - 352 = -5*g - 4, -3*s = 4*g - 276. Calculate the greatest common factor of 9 and g.
9
Suppose -4*x = -8*x + 244. Suppose -5*s + x = 4*m, -3*m = -2*s - 13 - 27. Calculate the highest common factor of 56 and m.
14
Let b = -29 - -33. Let r be 2/6 - (-362)/(-6). Let p be r/(-2) + (3 - 1). Calculate the highest common factor of p and b.
4
Let q = -103 + 120. What is the greatest common divisor of q and 187?
17
Let a = -9 + 7. Let d = a + 2. Suppose d = -k + 50 - 11. What is the highest common factor of k and 13?
13
Let t = 171 - 131. Calculate the highest common factor of t and 200.
40
Suppose t = -4*t + 350. Let q(m) = 3*m - 5. Let w be q(4). What is the highest common divisor of w and t?
7
Let f = 18 + 3. Suppose 6*j = 2*j. Suppose 0 = -5*y - 4*l + 421 + 92, j = 2*y + 2*l - 204. What is the greatest common factor of f and y?
21
Let a = -12 - -15. Suppose a*v = v + 24. What is the highest common factor of v and 84?
12
Let u = 0 + 0. Let z(m) = -m + 14. Let o be z(u). What is the highest common factor of 56 and o?
14
Let s be (-1 - 3)*(-1)/2. Let j = 9 + -6. Suppose -s*o + j*o = 44. What is the greatest common divisor of o and 4?
4
Suppose -37 = t + 23. Let g be t*(3 - 42/10). Suppose -2*n + 11 = -5. Calculate the highest common divisor of n and g.
8
Let w(i) be the second derivative of 0*i**2 + 0 + 4/3*i**3 + i. Let u be w(1). Calculate the greatest common factor of u and 72.
8
Let m be 2/6 - 14/(-3). Let h(s) = s**3 + 5*s**2 + 5*s + 6. Let l be h(-4). Calculate the greatest common factor of l and m.
1
Let c = -13 + 29. What is the highest common divisor of 16 and c?
16
Let r be (-11 - -10)/((-2)/346). Let a = r - 85. What is the greatest common factor of 11 and a?
11
Let p be (1/2*0)/(-3). Suppose 19 = -2*u + 47. Suppose p = -2*y - 2*c + u, 0*c = 2*y + c - 10. Calculate the highest common divisor of y and 33.
3
Suppose -7 - 7 = -4*s + 5*y, y - 1 = -3*s. What is the highest common divisor of s and 9?
1
Let g be 1/5 + 3918/10. Suppose j + 3*j - g = 0. Calculate the highest common factor of j and 14.
14
Let o(j) be the second derivative of -j**5/20 - 7*j**4/12 - 4*j**3/3 - 2*j**2 + 5*j. Let m be o(-6). What is the highest common divisor of 4 and m?
4
Let i(m) = 4*m - 3 - 6*m - 2*m. Let v be i(-2). Calculate the greatest common divisor of 40 and v.
5
Suppose -21 = -0*k - k + 5*m, 2*k + m - 20 = 0. Let r = k + 4. What is the highest common factor of r and 15?
15
Let k be (-2)/(-12) - 94/(-12). What is the highest common factor of 40 and k?
8
Suppose 2*d - 7*d = -480. Suppose 82 = 2*z - 2*x, 3*x - 18 = 2*z - d. Suppose q = -3*l + l + 34, 2*l - 22 = 2*q. What is the highest common divisor of l and z?
15
Let m = 16 - 25. Let u(h) = -2*h + 7. Let o be u(m). What is the highest common divisor of o and 10?
5
Let m be -10*(5/(-2) + 2). Let u(h) = 1 + h**2 - 2 + 8*h + m. Let t be u(-8). What is the greatest common divisor of 32 and t?
4
Let m = -23 - -30. Let a be (12/14)/(m/98). What is the highest common factor of a and 12?
12
Let h be -1 + -2 - -37 - -3. What is the greatest common factor of h and 185?
37
Let q be (-107)/(-7) + 4/(-14). Suppose 3*c - 18 + 3 = 0. Suppose 2*k + c*h = -3*k + 145, -3*k + 5*h + 95 = 0. Calculate the highest common factor of q and k.
15
Suppose -5*b - 256 = -b. Suppose -3*g = 4*c + 344, g + 5*c = -0*g - 122. Let j = b - g. Calculate the highest common divisor of j and 12.
12
Let c = 3 - 3. Suppose v - 100 = -c*v. Suppose 3*u + h - 60 = -2*h, 3*h = 5*u - v. Calculate the greatest common divisor of 10 and u.
10
Suppose 3*y = 4*y, 4*f + 2*y = -8. Let c = f + 10. Calculate the greatest common divisor of 40 and c.
8
Let t(u) = -9*u + 15*u**2 + 9*u. Let p(i) = -i - 1. Let o be p(-2). Let h be t(o). What is the greatest common factor of h and 10?
5
Suppose -2*o + o + 3*r + 39 = 0, 43 = o - 4*r. Calculate the greatest common factor of 3 and o.
3
Let f(c) = -c**3 + 5*c**2 + c + 2. Let z be f(5). Suppose -d - 15 = -o, 0 = -2*o - 3*d + 23 + z. Calculate the greatest common factor of 45 and o.
15
Suppose -14*p + 15*p - 2 = 0. Suppose -3*u + 56 = -p*u. What is the greatest common factor of u and 7?
7
Let k = 8 - 3. Suppose 8 = 2*h + 6*u - 3*u, -u + 7 = k*h. Suppose -2*m + h = 4*c + c, 0 = 2*c + 10. Calculate the highest common factor of 104 and m.
13
Let h be (6/1)/(6/4). Suppose 4*y = -h*u + 2*y + 488, -3*y - 588 = -5*u. Calculate the highest common factor of 48 and u.
24
Suppose 0 = -6*x + 2*x - 32. Let h(f) = f**3 + 9*f**2 + 8*f - 1. Let z be h(x). Let p be 24/(4*z/(-6)). What is the highest common divisor of p and 54?
18
Suppose g + 4*g - l = 19, -g + l + 7 = 0. Let w(k) = -k + k**2 + 2 - 3*k - k**g + 4*k. Let s be w(0). What is the greatest common divisor of s and 4?
2
Let o be 13 - (7 - 5)*2. Let d(u) = -2*u**3 - 2*u**2 + 2*u + 2. Let m be d(-2). Calculate the highest common divisor of o and m.
3
Suppose 4*v - 18 = 2*n, 0*n = -5*v - 4*n + 55. Let p = v + -4. Let t be (-2)/(-4)*(26 - 12/6). What is the greatest common factor of t and p?
3
Suppose -3*v - 12*v = -1680. Calculate the greatest common divisor of v and 14.
14
Let c(k) = -10*k**3 + 2*k**2 + 3*k + 1. Let x be c(-1). What is the greatest common divisor of 50 and x?
10
Let i(r) = r**2 + 4*r - 5. Let j be i(-5). Suppose j = -0*b + 4*b - 44. Suppose -154 = -0*n - 2*n. What is the greatest common factor of n and b?
11
Suppose -5*y + 8*y = 42. Calculate the highest common factor of 14 and y.
14
Suppose 3*q + 2*m + 2 = 0, 5*q = -7*m + 2*m. Let g be ((-105)/(-2))/(-3)*q. Let a = g - 15. Calculate the highest common divisor of a and 20.
20
Let d be 2/8 + (-35)/(-20). Suppose 0*h + 3*h + 26 = 2*u, -2*u - 4*h - d = 0. What is the greatest common divisor of u and 77?
7
Let d(w) = -w - 10. Let x be d(-8). Let n(h) = 4*h**2 + 2*h - 2. Let t be n(x). Let v be (5 + 0)*28/t. What is the highest common divisor of 42 and v?
14
Let o be 3 - 2 - (-1 + 1). Let s be (-3)/(-3) + (9 - o). Let w(b) = -b**3 - 9*b**2 - b - 3. Let y be w(-9). What is the highest common factor of s and y?
3
Suppose 429 = r + 2*r. Let f = -15 + r. What is the greatest common divisor of f and 16?
16
Suppose -66 = -4*h - 2*s, -4*s = -3*h + 6*h - 57. Calculate the highest common factor of h and 120.
15
Let w be -3 + -1 + 0 + 0. Let a(i) = -i**3 - 4*i**2 + i + 2. Let f be a(3). Let u be 5/10 + f/w. Calculate the highest common divisor of u and 135.
15
Let p(z) = 4*z**2 - 8*z + 2. Let d(f) = -3*f**2 + 7*f - 2. Let c(y) = 5*d(y) + 4*p(y). Let l be c(-5). Calculate the highest common factor of 88 and l.
8
Suppose 5 = z + 2. Let b be 21/1 + 21/7. Calculate the highest common divisor of z and b.
3
Suppose 2*s + s = 429. Calculate the greatest common divisor of s and 13.
13
Let q(k) = k**2 + 7*k - 12. Let r be q(-12). What is the highest common factor of 192 and r?
48
Let m be 3 + (-1 - -2) - -1. What is the greatest common factor of 5 and m?
5
Suppose 0*w = 2*w - 5*v - 11, -2*v = -5*w + 80. Let r be (7 - 3)/(1/7). Let l = r - 16. What is the greatest common divisor of w and l?
6
Let u(f) = -f**2 + 18*f - 12. Let t be u(12). Calculate the highest common divisor of 12 and t.
12
Suppose 0 = 4*i - 4 - 0. Suppose -5*a + 5*y = -25, -a + 2*a - 5*y - i = 0. Let d(l) = -l + 12. Let t be d(a). Calculate the highest common factor of 12 and t.
6
Let z be ((-2)/3)/(42/(-315)). What is the highest common factor of z and 45?
5
Suppose -4*g + j + 10 = -j, 0 = j + 5. Let u be (8 - (2 + -2)) + g. Let f(q) = q + 1. Let x be f(u). Calculate the greatest common divisor of 6 and x.
3
Let y be 93/(-2)*(-16)/12. Suppose 4*d + 41 + 95 = 0. Let i = y + d. Calculate the greatest common factor of i and 4.
4
Let r(k) = -k**3 - 2*k**2 - 4. Let x = 2 + -5. Let g be r(x). What is the highest common factor of g a